he tens digit of (-1 - s) + 240/8?
2
Suppose -4*g + 6 = -18. Let f(y) be the first derivative of y**3/3 - 3*y**2/2 - 2*y - 1. What is the tens digit of f(g)?
1
Suppose -4*l - f + 14739 = 0, f - 189 = -2*l + 7180. What is the units digit of l?
5
Suppose -436 - 590 = -3*v. What is the units digit of v?
2
Let o be (72/54)/((-8)/(-18)). Suppose -o*t - u = -0*u - 42, -5*t + 5*u + 70 = 0. What is the tens digit of t?
1
Let s = 587 - 345. What is the units digit of 2 + s - 3/3?
3
Let w = 1249 + 376. What is the tens digit of w?
2
Let x = 19 + -99. What is the units digit of x/(-4) - (3 - 0)?
7
Let m(i) = 11*i - 56. What is the tens digit of m(9)?
4
Let p = 540 + -193. What is the units digit of p?
7
What is the tens digit of (-15)/10*16/(-6) - -180?
8
Let u(l) = l + 5. Let b be u(-1). Suppose -8 = 3*c - 4*d, 5*c = c + b*d - 12. What is the tens digit of c + 45 + 1/(-1)?
4
Let t be -13 + 11 - -5*1. Suppose -5*a - t*f = 68, 17 = -a - 2*f - 2*f. Let m = -3 - a. What is the units digit of m?
0
Let m = -9 - -9. Suppose m = 5*r - 2*r - 111. Suppose 4*s - r = 7. What is the units digit of s?
1
Suppose 5 = 2*q + 1. Let g(v) = 3*v**3 - v. Let r be g(1). What is the tens digit of (q/6)/(r/186)?
3
Let f be (-4332)/(-36) + 2/3. Suppose 3*j - f = -3*l + 5, j + 3*l = 46. Suppose 0*g - 2*g = -j. What is the units digit of g?
0
Suppose r - 14*a - 1080 = -18*a, -a = r - 1083. What is the units digit of r?
4
Suppose c + 5*i = 6*c - 2920, 0 = -3*c - 3*i + 1770. Suppose 4*l - 733 = -5*b, -3*l + c = 6*b - 2*b. What is the units digit of b?
9
Let j be 3 - (-5)/(15/(-9)). Suppose k + 12 = -j*k. Let b = -3 - k. What is the units digit of b?
9
What is the tens digit of 40/(-4) + 5 + (64 - 0)?
5
Let p(s) = 4*s**2 - 47*s + 8. What is the units digit of p(24)?
4
Suppose -3 = -s + h, 5 = -4*s + 2*h + 15. Suppose m - s = 30. What is the units digit of m?
2
Suppose -4*m + 42 = 3*c + 10, 4*m - 2*c - 12 = 0. Suppose 2*z + 4*o = 5*z - 2, -o + m = 2*z. Suppose 3*h - 15 = z*h. What is the units digit of h?
5
Let u be (-20)/6*6/5. What is the tens digit of (-10)/u*708/15?
1
Let z(o) = o**2 - 5*o + 4. Let w be z(-4). Suppose 0 = -x + w + 9. What is the units digit of x?
9
What is the tens digit of (-11180)/(-14) + -2 + (-21)/(-49)?
9
Suppose 2*z = 5*a + 664, 4*z + 9*a = 4*a + 1358. Let x = 487 - z. Suppose -10*t = -5*t - x. What is the tens digit of t?
3
Let t(m) = m**3 - 13*m**2 + 13*m - 16. Let v be t(12). Let x = 4 - v. Let d(o) = 2*o + 5. What is the tens digit of d(x)?
2
What is the tens digit of (-92050)/(-50) - 10*1?
3
Let f(a) be the third derivative of -a**4/12 - a**3/6 - 4*a**2. What is the units digit of f(-3)?
5
Let f = 421 + 113. What is the tens digit of f?
3
Let n(j) = j**2 - 4*j - 19. Let k be n(-5). Suppose 0 = -18*d + k*d - 1256. What is the tens digit of d?
5
Suppose 2*x + 4*m = 3*x - 465, 2*x - 916 = m. What is the units digit of x?
7
Let u = 5408 - 260. What is the hundreds digit of u?
1
Let c(j) = j**3 + 11*j**2 - 12*j + 3. Let w be c(-12). Let h be 12/(-18) - (-38)/w. Let t = h - -12. What is the tens digit of t?
2
What is the units digit of (-77)/(-462) - ((-629)/6 + 0)?
5
Let y be (-3 + 6 - 0)*11. Let q be ((-11)/y)/((-2)/36). Suppose -x - 4*w = -90, 3*w + 210 = q*x - 3*x. What is the tens digit of x?
7
Suppose -s + 8 - 32 = 0. Let j = s - -40. What is the tens digit of (-2 + -18)*(-28)/j?
3
Let v = 934 + -577. What is the hundreds digit of v?
3
Let y(w) be the second derivative of -w**4/12 + 8*w**3/3 + 3*w**2 - 2*w. Let f = 31 - 16. What is the tens digit of y(f)?
2
Suppose 13 + 1 = -w - 5*o, -4*w + 5*o + 69 = 0. Let n(c) = 23*c - 31. What is the tens digit of n(w)?
2
Let t be 2/(-8) - 195/4. Let o be 993/12 + 2*4/32. Let q = t + o. What is the units digit of q?
4
Let m(t) be the third derivative of 379*t**5/60 - t**4/6 + t**3/2 + 2*t**2. Let g be m(1). Suppose 10*n - g = 3*n. What is the units digit of n?
4
Suppose 1737 - 251 = 2*d. What is the hundreds digit of d?
7
Let j(q) = -11*q**2 + 15 + 2*q**2 + 5*q + 10 + 10*q**2. What is the tens digit of j(-9)?
6
Suppose 0 = -3*q + 4*q + 21. Let r = q - -16. Let a(n) = -n**3 - 5*n**2 - 2*n + 3. What is the tens digit of a(r)?
1
Let y(q) = -q**2 + 6*q - 3. Let m be y(6). What is the tens digit of 19/(-2 + (0 - m))?
1
What is the units digit of (-272)/(-7)*(22 - 15)?
2
Suppose d - 9 = -2*d. Let w(a) = 5*a - 3. Let s be w(d). What is the tens digit of (-2)/3 + 176/s?
1
Let k(d) = -80*d - 372. What is the tens digit of k(-9)?
4
Suppose 49432 = 33*w - 25*w. What is the tens digit of w?
7
Let z be (-38)/(-14) - 12/(-42). Suppose -w + 92 = -5*j, -2*j = -z*j - 2*w - 14. What is the tens digit of (-214)/(-9) + (-4)/j?
2
Let j(z) = -z**3 + 4*z**2 - 2*z - 2. Let u be j(2). Suppose u*o + 5 = 11. Let l(x) = 19*x - 7. What is the units digit of l(o)?
0
Suppose 0 = 10*i - 11*i + 5. Let j(q) = 5*q - 10. What is the units digit of j(i)?
5
Let y be 1*((-2)/1 + 1). What is the tens digit of (54 - 1) + y + -1?
5
Let u(a) be the second derivative of a**5/4 + a**4/6 - a**3/3 + a**2/2 + 4*a. Let p be u(1). Let y(v) = 2*v**2 - 6*v - 7. What is the tens digit of y(p)?
2
Suppose -c - 10 = 4. Let a = c + 18. Suppose 2*m - 80 = -4*g, 69 + 87 = a*m + 4*g. What is the units digit of m?
8
Let o = -77 + 534. What is the hundreds digit of o?
4
Let i = 3451 + -2001. What is the thousands digit of i?
1
Let q = -2 + 6. What is the units digit of (-607)/(-5) + -5 - q/10?
6
Let i = 422 + -274. Suppose 332 = 4*b - i. What is the tens digit of b?
2
Suppose 2*c = 2*u - 0*c - 54, 4*c = -4*u + 116. Suppose n - 6*n = -3*x + 53, -2*x - 4*n = -u. What is the units digit of x?
6
Let m(p) = 69*p**2 + 4*p + 8. Let v be m(-2). Suppose 2*g + v = 2*j - g, -3*g - 672 = -5*j. What is the units digit of j?
2
Suppose -1 = -a + c, -a + 0*c + 5*c = 11. Suppose -31 = -2*o + o - l, 0 = 5*o - l - 143. Let n = a + o. What is the tens digit of n?
3
Let o be ((-27)/1)/(((-9)/12)/3). Let g = 206 - o. What is the tens digit of g?
9
Suppose 578*j - 589*j + 19767 = 0. What is the thousands digit of j?
1
Suppose 74193 = 18*a + 7773. What is the thousands digit of a?
3
Let y(o) = -o**2 - 13*o + 18. Let b be y(-14). Suppose -8*d = -4*d - 8. Suppose 2*g = -2*g + 2*w + b, -d*g - 10 = -4*w. What is the units digit of g?
3
Let f(j) = -74*j**3 - 2*j - 5*j**3 - 1 - 85*j**3 - j**2. What is the hundreds digit of f(-1)?
1
Suppose -13*w - 285614 = -59*w. What is the tens digit of w?
0
Suppose 0 = 4*r - 86 - 10. Let c = r - 7. What is the tens digit of c?
1
Let p(u) = u**3 - 8*u**2 + 3*u + 2. Let t be 9 - 1 - (7 - 3). Let n be (-66)/(-8) + t/(-16). What is the tens digit of p(n)?
2
Let d(t) = -42*t + 2. Let j be d(-3). Suppose -n - j = 3*n. What is the units digit of (8/(-10))/(n/720)?
8
Suppose 2*h - 4 = -0. Suppose 0 = 2*z + h*x - 32, 3*x = -z + 6 + 10. What is the units digit of z?
6
Suppose 0 = 3*s - 2*s - 192. Suppose 3*c - s = -c. Suppose 171 = 5*r + j, r - 3 - c = 4*j. What is the units digit of r?
5
Let u = 419 - 218. Suppose -g + u = 2*g. Suppose 2*h = -3*f + g, -3*f = 2*f + 4*h - 111. What is the units digit of f?
3
Let l = 6180 + -1983. What is the units digit of l?
7
Suppose 5*z = -10*x + 11*x + 4243, 5*x + 3407 = 4*z. Suppose -z - 412 = -5*q. What is the units digit of q?
2
Let b(i) = -5 - 3*i**2 - 15*i**3 - 2*i + 11*i**3 + 5*i + 2*i**3. What is the units digit of b(-4)?
3
Suppose 16*t - 20 = 12*t. Suppose t*f - 58 = 12. What is the tens digit of f?
1
Let o be (26/4 + -7)/(2/(-28)). Suppose 8*p - 2385 = -o*p. What is the units digit of p?
9
Suppose 0 = a, -4*a + 192 = 3*q - 2*a. Suppose -174 + q = -h. What is the tens digit of h?
1
Suppose 0 = -13*z + 12*z + 25. Suppose 5*d = 10*d - z. Suppose -143 = -d*o - 28. What is the tens digit of o?
2
Let u be (-222)/(-3)*(-1 + 0). Let r = 131 + u. What is the tens digit of r?
5
Let p(a) = -a**2 - 33*a + 57. Suppose -2*b + 4 = 0, 3*u = 2*u - 5*b - 14. What is the tens digit of p(u)?
7
Let d(l) = 8*l - l + 4 + 6 - 2*l. What is the tens digit of d(3)?
2
Let x be -2*(-3)/6 - -38. Suppose 4*k - 16 - x = 5*h, 4*h = 3*k - 41. What is the units digit of k?
5
Let n(v) be the second derivative of v**3/6 + 9*v. Let g be n(-2). What is the units digit of g*1/4*-146?
3
Let s(c) = c**3 - 10*c**2 + 7*c + 22. Let y = -6 - -15. Let b be s(y). Suppose -5*n 